 - 3*z**2 - z + 2. Let n(v) = -4*v - 2. Let t be n(-1). Let l be c(t). Suppose 0 = l*r - 6*r + 6. Determine f(r).
-19
Let q(t) = -1 + 7 + t**2 + 5*t + 0 + 5 - 17. Determine q(-9).
30
Let x(w) be the first derivative of -w**3/3 + 2*w**2 - 2*w + 313. Determine x(2).
2
Let t = 39 + -40. Let h be (-1)/(-1) + 0/1. Let l(w) = -1 - w + w**2 - 1 + h. What is l(t)?
1
Let k = -58 - -52. Let p(m) = -6*m - 6. Let o(u) = -u - 1. Let a(n) = -5*o(n) + p(n). Let y(j) = j**2 + 2*j. Let b(w) = 6*a(w) - y(w). Give b(k).
6
Let z = -6 - -10. Let w(o) = o - 2 + 4 - 4 + z. Let q be 2/(-6) - (-14)/(-3). Determine w(q).
-3
Suppose 0 = 2*d - 5*b + 21, 3*d = -2*d - 2*b + 20. Let t(i) be the third derivative of -i**6/120 - i**5/60 + i**3/6 - 1598*i**2. Calculate t(d).
-11
Let p(j) = j**2 + 3*j - 2. Let i = -211 - -215. Give p(i).
26
Let o(i) be the first derivative of -3*i**2 - 6*i - 227. What is o(-6)?
30
Suppose 4*x + 0*x + j = 27, -4*x + 12 = -4*j. Let t(p) = -x + 6*p - 5*p + 3. Determine t(0).
-3
Suppose 13*x - 22 = 4. Let k(u) = 2*u**3 - 1263*u**2 + 1 - x*u + 1263*u**2. Determine k(-2).
-11
Suppose 10 = 8*a - 3*a. Let g(s) = -5*s**2 + s + 3. Let f be (-7 + 1)/24*(-4 + 0). Let p(m) = m**2 - m. Let u(z) = f*g(z) + 4*p(z). What is u(a)?
-7
Let j(z) = 2*z - 62 - 3*z + 72. Suppose -3*g + 0*g - 5*o + 31 = 0, 27 = 5*g - 4*o. Determine j(g).
3
Suppose -75 = -3*g - 5*d + 4, 0 = -d + 5. Suppose 6 = -5*x + 4*t, 4*x - 10 = -5*t + g. Let i(j) = 4*j**3 + 4*j**x + 2*j - 4*j - 3*j**3. Calculate i(-4).
8
Let o(i) = i**3 + 12*i**2 + 29*i + 11. Suppose 2*v + 144*k = 139*k - 43, -35 = 5*v - 2*k. Give o(v).
-7
Let s = -9 + 24. Suppose -q + s = 4*q. Let j(n) = 0*n - n**3 - q + 0 - n + 3*n + 5*n**2. Calculate j(5).
7
Let y be (-1)/(-2)*0*12/(-84). Let v(j) be the second derivative of y + 8*j + 1/20*j**5 - 5/12*j**4 + 4*j**2 - 7/6*j**3. What is v(6)?
2
Let f(y) = y**2 + 9*y - 8. Let r be f(-10). Let s(w) = 2*w - 2*w + r*w - 4*w. Suppose -b + 2*q + 7 = 0, 8*q = 4*b + 4*q - 12. Determine s(b).
2
Let o = -7 - -2. Let y(s) = -2*s - 15 + s + 19. What is y(o)?
9
Let d be 2/(-4) - 5/(-2). Let m(h) be the second derivative of h**4/12 - h**3/3 + 28*h + 148. What is m(d)?
0
Let h be (-7)/(-9) + 4*10/180. Let y(j) = -19*j**2 + 2*j - 1. Calculate y(h).
-18
Let x(w) = 3*w**3 + 65*w**2 + 43*w + 31. Let t(l) = -l**3 - 22*l**2 - 14*l - 10. Let k(n) = -11*t(n) - 4*x(n). What is k(-17)?
3
Suppose 12 = 8*a - 28. Suppose 0 = -3*d + d + 3*j - 3, 14 = -a*d + j. Let i(s) = -s**3 - 4*s**2 + 2. What is i(d)?
-7
Let l(s) = -697*s - 102. Let r = 36 + -36. Suppose r = -3*c + 5*c - 10. Let k(x) = 34*x + 5. Let u(w) = c*l(w) + 102*k(w). What is u(1)?
-17
Let u be 1/(-3) + 3 + 2/6. Let l(z) = 10*z - 4*z**2 - 15*z - 4 + z**u + 5. Let j = 1 - -4. What is l(j)?
1
Let o(t) be the third derivative of t**5/60 + t**2. Let i(f) = 2*f**2 + 20*f - 2. Let y be i(-10). What is o(y)?
4
Let h(x) = 3 - 3*x + 5*x + x - 4*x. Let o be h(-2). Suppose -3*v = -4*u + o + 3, v = 4*u. Let f(i) = -4*i**3 - 1. What is f(u)?
3
Let i be (-1670)/(-110) - 12 - (-2)/(-11). Let o(m) = -6*m + 2. Let v(z) = 18*z - 6. Let x(t) = 10*o(t) + 3*v(t). What is x(i)?
-16
Suppose 3*x + 2 = -h + 6, -8 = -3*x - 2*h. Let z be 3 + x/4 - -1. Suppose b + 23 = -4*v, -14 = -3*b + z*v - 3. Let c(n) = n**2 + 3*n + 4. Give c(b).
4
Let f(b) be the first derivative of -b**2/2 - 146. Determine f(4).
-4
Suppose 3*q = -5*l - 22, 2*l = -2 - 2. Let b = q - -4. Suppose 5*p = -b*p - 5, -2*d = 5*p + 7. Let z(v) = -6*v**3 - 2*v**2 - v. Give z(d).
5
Suppose 5*y + 5*h - 212 + 157 = 0, -3*h - 7 = -2*y. Let s(d) = 5*d - 34. Give s(y).
6
Let v(m) be the first derivative of m**3/3 + 2*m**2 - 7*m - 117. Determine v(-6).
5
Let f(n) = -441*n**2 + n - 2*n - 3 + 448*n**2. What is f(2)?
23
Let l(w) = 2796*w - 37 - 2800*w + 12. Give l(-7).
3
Let r(n) = -n + 1. Suppose 0 = -j + 3*s + 19, 0 = 2*j + 9*s - 5*s + 12. Let h(x) = 3*x - 1. Let z(y) = j*r(y) + h(y). What is z(6)?
-3
Let f(n) = n - 7 + 29 - 6 - 2. What is f(7)?
21
Suppose -2*a - 3*k = 2*a - 194, -5*a + 2*k = -231. Let z(g) = 46*g + a*g - 92*g. Suppose 2 - 8 = -3*o. Give z(o).
2
Let w(n) be the first derivative of 7*n**3/3 - n**2/2 + n + 3. Let j be 4/(-6)*9/(-6). What is w(j)?
7
Let b(l) = -2990 + 2988 - l**2 + 3*l + 2*l. Determine b(6).
-8
Suppose 0 = 23*x + 20 - 20. Let d(g) = -3*g + 2. Let b(h) = -4*h + 3. Let z(w) = -5*b(w) + 7*d(w). Give z(x).
-1
Let x(n) be the second derivative of 5*n**3/6 + n**2/2 - 3*n. Let g(t) be the first derivative of -t**2/2 + 18. Let q be g(-3). What is x(q)?
16
Let i(u) be the third derivative of -u**7/252 + u**6/360 - u**5/120 + 7*u**4/24 + 25*u**2. Let o(f) be the second derivative of i(f). Determine o(1).
-9
Let a(c) = 7*c + 50. Let f(d) = 22*d + 139. Let l(v) = 11*a(v) - 4*f(v). What is l(-1)?
5
Let r(k) = -5*k**3 + 8*k**2 - 11*k - 1. Let a(w) = 9*w**3 - 16*w**2 + 22*w + 3. Let n(q) = -6*a(q) - 11*r(q). Give n(-9).
11
Let o(t) = 9*t + 11. Let n(v) = v + 1. Let m(b) = 6*n(b) - o(b). What is m(-2)?
1
Let z(d) = 3*d**2 + d. Suppose -5*v = -2*j + 7, 0 = j - 0*j + 5*v + 4. Let y be z(j). Let h(b) = -b**2 + 7*b - 8. Give h(y).
4
Let u(r) = r**2 + 3*r - 3. Suppose -3*l + 5 = 4*b, -5*l + 2 = -b + 9. Let z(o) = 5*o + 1. Let v be z(l). Determine u(v).
1
Let g(f) be the second derivative of -f**4/12 + 5*f**2/2 + 2*f. Let x be ((-16)/10)/(-2)*210/28. Suppose 2*u - 6 = 3*o, 2*o - x*o - 22 = 2*u. Calculate g(o).
-11
Let r(t) be the first derivative of -t**4/4 + 5*t**3/3 - t**2/2 + 4*t - 30. Determine r(5).
-1
Suppose -45*k + 44 = -23*k. Let l(c) = c**3 + 2*c**2 - c - 3. Determine l(k).
11
Let o = 209 - 210. Let c(t) = -9*t. Determine c(o).
9
Let w(h) = -18*h - 12. Let f be w(-5). Suppose 28 - f = 10*n. Let k(y) = y**2 + 7*y + 2. What is k(n)?
-8
Suppose 2*o = 7*o - 5, o = -l. Let i(s) = 7*s**2 + 4*s + 2. Calculate i(l).
5
Let x(u) = -u**2 - 10*u - 14. Let c be x(-9). Let v(t) = 47*t - 63*t + 19*t. Determine v(c).
-15
Let d be 4/(-10) + 630/(-175). Let c(v) = -v**2 - 2*v - 2. What is c(d)?
-10
Let o = -28 - -14. Let u(s) = 4 - 10 + 2*s - 1 + 0*s. Let h(f) = -5*f + 15. Let y(g) = o*u(g) - 6*h(g). What is y(-6)?
-4
Suppose -3*k - 4 = -5*k. Let m(r) = -2*r**k + 13*r - 7*r**3 + 6*r**3 + 5 - r**2 - 5*r. Give m(-5).
15
Let h(y) = 32*y + 10. Let n(m) = 11*m + 4. Let v(s) = 3*h(s) - 8*n(s). Give v(-3).
-26
Let c(b) = b**2 - b - 1. Let y(t) = 13*t + 11. Let j(k) = 2*c(k) + y(k). Determine j(-5).
4
Let f(l) = -l**3 + 5*l**2 - 2*l - 5. Let v be 0*(-1 - (-8)/12). Let p be (-7 + 12)/(1 - v). Calculate f(p).
-15
Let t(c) = -3*c - 19*c**2 + c**3 + 12*c**2 + 6 + 11*c**2. Let b(l) = 3*l**2 + l - 4. Let p be b(-3). Suppose 0 = 3*d + d + p. Calculate t(d).
-4
Let f(s) = -23*s - 262. Let z be f(-11). Let a(w) be the second derivative of -1/20*w**5 - 5/6*w**4 + 0 + w - 5/3*w**3 - 5/2*w**2. Determine a(z).
4
Let o(r) = -51*r**2 + 2*r + 26*r**2 + 22*r**2. Calculate o(2).
-8
Let t(y) = y**3 - 5*y**2 + 3*y + 3. Let x be t(3). Suppose -h - 105 = -112. Let q(b) = 6 + 2*b**2 + 44*b**3 - 87*b**3 + 42*b**3 - 7*b**2 + h*b. What is q(x)?
0
Let p be 2/(-4)*12/6. Let h(w) be the second derivative of 17*w**5/20 - w**4/12 - w**3/3 - w**2/2 + 58*w - 1. Calculate h(p).
-17
Let n be -2*(-2 + (-10)/(-4)). Let r be n/2*(-14)/1. Let t(w) = 3*w**2 - 4*w + 4. Let d(j) = -7*j**2 + 6*j - 7. Let c(l) = -2*d(l) - 5*t(l). Determine c(r).
1
Let q be (-2)/16 - 1651/104 - -3. Let n(k) = -k - 4. What is n(q)?
9
Let s(y) = 9*y**2 - 31*y - 70. Let x(r) = -5*r**2 + 16*r + 39. Let b(j) = 6*s(j) + 11*x(j). Calculate b(-8).
25
Let j be ((-48)/(-18))/((-3)/(-45)). Let h = j + -44. Let l(n) = -2*n + 1. What is l(h)?
9
Let r(w) be the third derivative of -w**4/24 - w**3/2 - 1172*w**2. Suppose 3*p - p + 14 = 0. What is r(p)?
4
Let c(t) = -38 - 10*t - 5*t + t - 4*t + 15*t. Calculate c(-10).
-8
Suppose -4*g - 53 = -3*c, 5*g + 9 = -c + g. Suppose 3*y - 2 = -c. Let m(j) = -j**3 - 4*j**2 + 2*j + 4. Calculate m(y).
-11
Let h(a) = -a**2 - 3 + 5*a + 0*a**2 - 3. Suppose 0*w = 5*w. Suppose 5*y - 30 = -2*u, -2*u + 0*y + 4*y - 6 = w. What is h(u)?
-6
Suppose i - 599 = d, 2378 = 4*i + 5*d - 3*d. Let s = -290 + 297. Let m(y) = -596 - s*y + i. Determine m(-1).
7
Let p(k) = k**2 - 2*k - 5. Let z be p(4). Suppose s - 6 = -s - 2*r, z*s - 11 = -r. Let u(g) = -4 + 2 + s - 6*g. Give u(-2).
14
Le